 is n(-1)?
-5
Suppose -2*l = 2*l - 12. Let h be l/(-1 + -2) - 1. Let j(n) = n + 2. Calculate j(h).
0
Let b(g) = -4*g. Let z be (12/18)/((-2)/(-6)). Give b(z).
-8
Let l(z) = -z + 4. Let k be l(10). Let o(h) = h**2 + 6*h + 2. Let n be o(k). Let f(m) = -m**3 + 3*m**2 - 3*m + 2. Give f(n).
0
Let z(q) = 1 + 2 - q**2 - 7*q + 8*q. Let w be 10*(-1 + (-7)/(-5)). Calculate z(w).
-9
Let i(f) = f + 4*f - 12*f + 3*f. Give i(-1).
4
Suppose x + 4*q + 21 = 2*x, 3*x + 4*q = -17. Let u be (4/2 - 2)/x. Let l(a) = -a - 12. Calculate l(u).
-12
Let h(g) = -4*g**2 - g. Let k = -89 - -88. Give h(k).
-3
Suppose -4*r = -5*m + 24, 3*m - 20 = m - r. Suppose -6*n = -2*n - m. Let y(t) = -4*t + 3 - n*t + 4*t. Calculate y(5).
-7
Let a(j) = 5*j - 7. Let z(k) = -14*k + 21. Let l(t) = -17*a(t) - 6*z(t). Give l(-6).
-1
Suppose 0*p = -5*p + 110. Let y(c) = 4*c + 4*c - 6*c - p + 12. Give y(8).
6
Let s(q) = 4*q**2 - 2*q - 3. Let u be 5 + 1*-1*2. Let b(i) = -2*i**2 + i + 2. Let f(g) = u*s(g) + 5*b(g). Let o = 35 - 37. What is f(o)?
11
Suppose -o + 20 = 3*o. Let b(u) = -4 + u - o + 2. What is b(7)?
0
Let h = -22 + 23. Let v(j) be the first derivative of -j**2 - h + 1/3*j**3 - 7*j. Determine v(5).
8
Let h(p) be the second derivative of p**4/3 - p**3/6 - 4*p. What is h(-1)?
5
Let l(p) = -6*p**3 + 3*p**2 - 5*p + 3. Let o(i) = -5*i**3 + 2*i**2 - 4*i + 2. Let m(x) = 4*l(x) - 5*o(x). Let n = -8 + 5. Calculate m(n).
-7
Let c(p) = -10*p**2 - 8*p - 1. Let o(b) = 7*b**2 + 5*b + 1. Let k(d) = 5*c(d) + 7*o(d). Let m = -3 - 2. Let t = m + -1. What is k(t)?
-4
Let w(r) be the second derivative of r**3/6 - 3*r**2 + 16*r. Determine w(3).
-3
Let b = 84 - 87. Let g(s) = -11*s**3 - 17*s**2 - 5*s - 2. Let v(k) = 4*k**3 + 6*k**2 + 2*k + 1. Let l(d) = -3*g(d) - 8*v(d). Calculate l(b).
1
Let s(m) = 0*m + m - m + m**2 + m - 2. Give s(-2).
0
Let y(k) = -k**3 - 3*k**2 + k. Let d(c) = c**3 - 4*c**2 - 2*c + 5. Let n be 4/(-6) + 28/6. Let v be d(n). Determine y(v).
-3
Let w(c) = 8*c - 2*c**3 + 6 + 5*c**2 - 4*c + 3*c**3 + 2*c. Let k = -5 - -1. Calculate w(k).
-2
Suppose -8 = 4*p + f, -2*f + 8 + 3 = -p. Let w(i) = i**3 - i**2 + i + 3. Let l be w(0). Let b(o) = 4 - 2*o + 0 + l*o. What is b(p)?
1
Let t = -3 - -7. Suppose -3*s = 9, -s - 5 = -2*b + t*b. Let y(k) = 6*k + 1 - k - 2*k. Determine y(b).
-2
Let i(v) be the first derivative of v**2 - 5 - 1 + 4 + 2*v - 5. Let s(m) = m**3 - 6*m**2 + 5*m - 3. Let p be s(5). What is i(p)?
-4
Let j(a) = 7*a - 13. Let l(u) = -4*u + 7. Let y(s) = 3*j(s) + 5*l(s). What is y(-6)?
-10
Let d = 1 - -2. Let w(x) = d*x**3 - 2*x**2 + x + x**3 + 0*x**3 - 2*x**3. Let v = -5 + 7. Determine w(v).
10
Let y(b) = -b + 6. Let p = -6 + 13. Determine y(p).
-1
Suppose 4 = -5*x + 3*x. Let d be (-7 + x - -3)/(-2). Let n(z) = z**3 - 4*z**2 + 5*z - 4. Calculate n(d).
2
Suppose f - 2*g - 10 = 0, 4*f + 0*g + 4*g - 4 = 0. Suppose -l = l + f*z + 4, l - 3*z - 3 = 0. Let h(p) = -p**2 + p + 1. Calculate h(l).
1
Let s(y) = -y**2 + 7*y - 1. Let c(f) = -f**3 + 4*f**2 + 5*f + 6. Let u be c(5). Determine s(u).
5
Let x(k) = 5*k**2 + k + 1. Let f = -4 + 11. Suppose 3*o + 3*s = -3, 2*s = f*s. Determine x(o).
5
Let q(o) be the third derivative of -o**4/24 - o**3/6 + 2*o**2. Calculate q(-3).
2
Suppose -4*p - p - 2*b = -8, 0 = 4*b + 4. Let k(g) = g**3 - 4*g**2 + 2*g + 1. Calculate k(p).
-3
Let j(y) be the third derivative of -y**5/60 + y**4/4 - 7*y**3/6 + 9*y**2. Calculate j(5).
-2
Let h = 11 + -6. Let v(k) = -k**3 + 5*k**2 - k + 6. Let z be v(h). Let m(w) = -w - w**3 + 2 + z - 3*w**2 + 4*w**2. What is m(0)?
3
Let l = 43 - 32. Let t(o) = o**3 - 11*o**2 - o + 14. Calculate t(l).
3
Let y(l) = 2*l + 3. Let j(w) = w**2 + 9*w + 9. Let a be j(-7). Give y(a).
-7
Let h(n) = -5*n**3 - 6*n**2 + 6*n**3 - 2*n + 5*n + 0*n**3. What is h(2)?
-10
Let z(w) = -w**2 - 6*w - 2. Let g(b) be the third derivative of -7/24*b**4 + 0 + 3*b**2 + 0*b + 1/60*b**5 + 1/3*b**3. Let v be g(6). Give z(v).
6
Let o(n) be the second derivative of n**3/6 + n. Let v = 1 + 0. Let u be o(v). Let k(m) = -4*m - 1. Calculate k(u).
-5
Let f(p) = -2*p + 4. Let w be (1 + -2)*2/2. Let m be (4/(-6))/(w/(-3)). Let y(r) = r**2 + r + 1. Let n be y(m). Determine f(n).
-2
Let s(o) = 4 - o - o**3 + o - o**2 + 4*o. Let u be (-58)/18 + 1*(-20)/(-90). Calculate s(u).
10
Let n(w) = -w + 13. Let k be n(12). Let p(o) = -4*o - 3*o**2 + 3*o**3 - k + 3*o + 2*o - 2*o**3. Give p(3).
2
Suppose 3*g + 2*d + 29 = -0*d, -2*g + 3*d = 28. Let l be (g/22)/(2/(-4)). Let q(f) = -6*f**2 + 1. Give q(l).
-5
Let z(p) = -6*p + 1. Suppose -4*r + 11 = -9. Suppose -n + 0*y = 3*y + 5, 5*n + r*y + 5 = 0. Let j = n + -2. Calculate z(j).
7
Suppose 0 = 5*c + 21 + 9. Let s(j) = 2*j + 8. Determine s(c).
-4
Let d(b) be the third derivative of -b**4/24 - 4*b**2. Suppose 0*o - 80 = -5*o. Let g = o - 11. Determine d(g).
-5
Let l(y) = -2*y**2 - 3 - y**2 - 4*y + y**3 - 2*y**3. Let a(d) = -d**2 + 8*d + 12. Let n be a(9). Suppose -2*w = -n*w - 2. What is l(w)?
1
Let g(f) = -6*f**2 - 3*f - 6. Let l(o) = -5*o**2 - 2*o - 6. Let p(d) = -6*g(d) + 7*l(d). Determine p(-5).
-1
Let n(v) = 2*v + v**3 - 5*v**2 + 0*v + 0*v. Let w(t) = -17*t**3 - t**2 - 2*t - 2. Let a be w(-1). Suppose -5*z + 8 = 4*i, 3*z + i + 7 = a. What is n(z)?
-8
Let b(q) = 6 + q**2 - 3 + 2 - 2*q - 8*q. Determine b(4).
-19
Let l(s) = 1 + 3*s - 2 + 3. Let c = 18 - 13. Suppose 13 - 3 = -c*z. Determine l(z).
-4
Let f be (7/14)/(2/(-12)). Suppose -3*q = -q - 4. Let x(i) = 5*i**q + 0*i - 3 + 3*i + i**3 + 0*i. Give x(f).
6
Let y(x) = -3*x. Suppose 5*k + 28 = 13. What is y(k)?
9
Suppose 3*g + 2 + 7 = 3*d, 3*g = -d - 1. Let c(b) = d - b - 1 + 4. What is c(-5)?
10
Suppose 7*r - 3*r - 2*u = -22, 2*r + 2*u + 26 = 0. Let s(y) = 6*y + 5. Let f(m) = 9*m + 7. Let g(n) = r*s(n) + 5*f(n). What is g(-6)?
13
Suppose 6 + 4 = 2*x. Let v(w) = -1 - 3*w**2 - 2*w**2 + 3*w + w - x*w. Suppose -i = s + 2, -3*s + 4*i = 3*i + 2. Determine v(s).
-5
Let u(i) = -i - 3. Let d be -7 + 6 + -3 - 1. Determine u(d).
2
Suppose -2*t + 6 = -2*x, -3*x - 5*t + 15 = x. Suppose -3*a + 9 = 5*b - x*a, 22 = 4*b - 5*a. Let y(l) = -2*l**2 + 3*l + 2. Determine y(b).
-7
Let m be 2*(-6)/8 + (-56)/(-16). Let l(h) be the first derivative of 6*h + 1/2*h**m - 1/3*h**3 + 1. Calculate l(0).
6
Let x be (-1 - 0)/(2/(-10)). Suppose -x*s + 18 = -4*o - 0, -o - 2*s = -2. Let k(q) be the second derivative of q**5/20 + q**4/6 + q**3/6 + q**2 - q. Give k(o).
0
Let a(p) be the second derivative of p**4/6 - p**3/6 + 3*p**2/2 - 3*p - 4. Give a(3).
18
Let v(h) = -h**3 - 16*h**2 - 17*h - 30. Let w be v(-15). Let k(r) be the second derivative of -r - r**2 + w - 1/4*r**4 - 2/3*r**3. Give k(-2).
-6
Let u(r) = -24 + 0*r**3 - 3*r**2 + 27 - r**3. What is u(-3)?
3
Let t = -24 - -51/2. Let h(r) be the first derivative of 6*r + 2 + t*r**2. What is h(-4)?
-6
Suppose -r + 3*g = 4*r - 19, 5*r - 27 = -g. Let q(u) = r + 4*u + 1 - 5*u. Let v(c) = -c**3 - c**2 + c + 4. Let n be v(0). Give q(n).
2
Let h(z) = -6*z. Suppose -3*x - 4 + 1 = 0. Give h(x).
6
Let x(y) be the second derivative of 1/2*y**3 + 0 + 1/4*y**4 - 2*y**2 - 1/20*y**5 + 5*y. Determine x(3).
5
Suppose 19 = -3*v + 7*v + 3*y, 3*v - 15 = -3*y. Let t = -4 + v. Let b be (-1)/((t - -2)/6). Let a(f) = f**3 + 3*f**2 + f + 3. What is a(b)?
0
Let c(a) = -4*a**3 - 5*a**2 - 6*a - 6. Let m(o) = 6*o**2 + 6 + 13*o + 0*o + 0*o**2 - 6*o + 5*o**3. Let i(f) = 6*c(f) + 5*m(f). What is i(0)?
-6
Let y(x) = -5*x - 6. Let b = -10 - -23. Suppose -2*i + o - 12 = 0, 0 = i - 4*o + b + 7. Calculate y(i).
14
Let t(b) = -b**3 + 3*b**2 - 2. Let p = -193 - -196. Give t(p).
-2
Let m(z) = -6*z - z + 12*z + 4 - 4*z. What is m(3)?
7
Let p(b) = b**3 - 6*b**2 + 5*b + 4. Let t(y) = -y**2 + 10*y + 9. Let d be t(13). Let j be (-58)/(-15) + (-4)/d. Calculate p(j).
-8
Let t(n) be the first derivative of -n**5/60 + n**4/8 - 2*n**3/3 + 3*n**2/2 + 5. Let b(u) be the second derivative of t(u). What is b(3)?
-4
Let i(t) be the first derivative of -t**3/3 + 7*t**2/2 - 6*t + 1. Let v be (-1 + 2)/(10/40). What is i(v)?
6
Let m(s) = s**2 + 3*s. Let k be m(-2). Let f(n) = -n**2 + 9*n - 12. Let d be f(7). Let j(g) = 2*g + d + 2*g - g + 2*g. Determine j(k).
-8
Suppose 0 = -3*f + 5*h + 7, 4*h = -f + 28 - 3. Let u = -6 + f. Let c(a) = 5*a - 8*a - a**2 + u*a - 4 - 8*a. Calculate c(-5).
11
Suppose -30 = -2*g - 40. Let x(y) = 3 + y + 2*y + 